{"version":"1.0","provider_name":"Eir\u00edkur J\u00f3nsson","provider_url":"https:\/\/eirikurjonsson.is","author_name":"eir","author_url":"https:\/\/eirikurjonsson.is\/index.php\/author\/eir\/","title":"S\u00c1PU\u00d3PERA TRUMPS ME\u00d0 AUGUM FRI\u00d0RIKS INDRI\u00d0A &#8211; Eir\u00edkur J\u00f3nsson","type":"rich","width":600,"height":338,"html":"<blockquote class=\"wp-embedded-content\" data-secret=\"fsdldL9XyA\"><a href=\"https:\/\/eirikurjonsson.is\/index.php\/2025\/04\/21\/sapuopera-trumps-med-augum-fridriks-indrida\/\">S\u00c1PU\u00d3PERA TRUMPS ME\u00d0 AUGUM FRI\u00d0RIKS INDRI\u00d0A<\/a><\/blockquote><iframe sandbox=\"allow-scripts\" security=\"restricted\" src=\"https:\/\/eirikurjonsson.is\/index.php\/2025\/04\/21\/sapuopera-trumps-med-augum-fridriks-indrida\/embed\/#?secret=fsdldL9XyA\" width=\"600\" height=\"338\" title=\"&#8220;S\u00c1PU\u00d3PERA TRUMPS ME\u00d0 AUGUM FRI\u00d0RIKS INDRI\u00d0A&#8221; &#8212; Eir\u00edkur J\u00f3nsson\" data-secret=\"fsdldL9XyA\" frameborder=\"0\" marginwidth=\"0\" marginheight=\"0\" scrolling=\"no\" class=\"wp-embedded-content\"><\/iframe><script type=\"text\/javascript\">\n\/* <![CDATA[ *\/\n\/*! This file is auto-generated *\/\n!function(d,l){\"use strict\";l.querySelector&&d.addEventListener&&\"undefined\"!=typeof URL&&(d.wp=d.wp||{},d.wp.receiveEmbedMessage||(d.wp.receiveEmbedMessage=function(e){var t=e.data;if((t||t.secret||t.message||t.value)&&!\/[^a-zA-Z0-9]\/.test(t.secret)){for(var s,r,n,a=l.querySelectorAll('iframe[data-secret=\"'+t.secret+'\"]'),o=l.querySelectorAll('blockquote[data-secret=\"'+t.secret+'\"]'),c=new RegExp(\"^https?:$\",\"i\"),i=0;i<o.length;i++)o[i].style.display=\"none\";for(i=0;i<a.length;i++)s=a[i],e.source===s.contentWindow&&(s.removeAttribute(\"style\"),\"height\"===t.message?(1e3<(r=parseInt(t.value,10))?r=1e3:~~r<200&&(r=200),s.height=r):\"link\"===t.message&&(r=new URL(s.getAttribute(\"src\")),n=new URL(t.value),c.test(n.protocol))&&n.host===r.host&&l.activeElement===s&&(d.top.location.href=t.value))}},d.addEventListener(\"message\",d.wp.receiveEmbedMessage,!1),l.addEventListener(\"DOMContentLoaded\",function(){for(var e,t,s=l.querySelectorAll(\"iframe.wp-embedded-content\"),r=0;r<s.length;r++)(t=(e=s[r]).getAttribute(\"data-secret\"))||(t=Math.random().toString(36).substring(2,12),e.src+=\"#?secret=\"+t,e.setAttribute(\"data-secret\",t)),e.contentWindow.postMessage({message:\"ready\",secret:t},\"*\")},!1)))}(window,document);\n\/\/# sourceURL=https:\/\/eirikurjonsson.is\/wp-includes\/js\/wp-embed.min.js\n\/* ]]> *\/\n<\/script>\n","thumbnail_url":"https:\/\/eirikurjonsson.is\/wp-content\/uploads\/2025\/04\/frikki-sapa.jpg","thumbnail_width":617,"thumbnail_height":406,"description":"Fri\u00f0rik Indri\u00f0ason bla\u00f0ama\u00f0ur birti vangaveltur um fyrri forsetat\u00ed\u00f0 Trumps forseta fyrir sj\u00f6 \u00e1rum &#8211; og \u00feetta hefur elst vel. S\u00e1pu\u00f3peran heldur \u00e1fram og vir\u00f0ist aldrei \u00e6tla a\u00f0 h\u00e6tta frekar en Dallas \u00ed sj\u00f3nvarpinu. &#8211; \u00c9g held a\u00f0 \u00e9g s\u00e9 b\u00fainn a\u00f0 \u00e1tta mig \u00e1 Trump forseta Bandar\u00edkjanna. Hann \u00e1kva\u00f0 strax a\u00f0 breyta emb\u00e6ttinu \u00ed einn [&hellip;]"}

Eiríkur Jónsson

SÁPUÓPERA TRUMPS MEÐ AUGUM FRIÐRIKS INDRIÐA &#8211; Eiríkur Jónsson

<blockquote class="wp-embedded-content" data-secret="fsdldL9XyA"><a href="https://eirikurjonsson.is/index.php/2025/04/21/sapuopera-trumps-med-augum-fridriks-indrida/">SÁPUÓPERA TRUMPS MEÐ AUGUM FRIÐRIKS INDRIÐA</a></blockquote><iframe sandbox="allow-scripts" security="restricted" src="https://eirikurjonsson.is/index.php/2025/04/21/sapuopera-trumps-med-augum-fridriks-indrida/embed/#?secret=fsdldL9XyA" width="600" height="338" title="&#8220;SÁPUÓPERA TRUMPS MEÐ AUGUM FRIÐRIKS INDRIÐA&#8221; &#8212; Eiríkur Jónsson" data-secret="fsdldL9XyA" frameborder="0" marginwidth="0" marginheight="0" scrolling="no" class="wp-embedded-content"></iframe><script type="text/javascript">
/* <![CDATA[ */
/*! This file is auto-generated */
!function(d,l){"use strict";l.querySelector&&d.addEventListener&&"undefined"!=typeof URL&&(d.wp=d.wp||{},d.wp.receiveEmbedMessage||(d.wp.receiveEmbedMessage=function(e){var t=e.data;if((t||t.secret||t.message||t.value)&&!/[^a-zA-Z0-9]/.test(t.secret)){for(var s,r,n,a=l.querySelectorAll('iframe[data-secret="'+t.secret+'"]'),o=l.querySelectorAll('blockquote[data-secret="'+t.secret+'"]'),c=new RegExp("^https?:$","i"),i=0;i<o.length;i++)o[i].style.display="none";for(i=0;i<a.length;i++)s=a[i],e.source===s.contentWindow&&(s.removeAttribute("style"),"height"===t.message?(1e3<(r=parseInt(t.value,10))?r=1e3:~~r<200&&(r=200),s.height=r):"link"===t.message&&(r=new URL(s.getAttribute("src")),n=new URL(t.value),c.test(n.protocol))&&n.host===r.host&&l.activeElement===s&&(d.top.location.href=t.value))}},d.addEventListener("message",d.wp.receiveEmbedMessage,!1),l.addEventListener("DOMContentLoaded",function(){for(var e,t,s=l.querySelectorAll("iframe.wp-embedded-content"),r=0;r<s.length;r++)(t=(e=s[r]).getAttribute("data-secret"))||(t=Math.random().toString(36).substring(2,12),e.src+="#?secret="+t,e.setAttribute("data-secret",t)),e.contentWindow.postMessage({message:"ready",secret:t},"*")},!1)))}(window,document);
//# sourceURL=https://eirikurjonsson.is/wp-includes/js/wp-embed.min.js
/* ]]> */
</script>

Friðrik Indriðason blaðamaður birti vangaveltur um fyrri forsetatíð Trumps forseta fyrir sjö árum &#8211; og þetta hefur elst vel. Sápuóperan heldur áfram og virðist aldrei ætla að hætta frekar en Dallas í sjónvarpinu. &#8211; Ég held að ég sé búinn að átta mig á Trump forseta Bandaríkjanna. Hann ákvað strax að breyta embættinu í einn [&hellip;]
