{"version":"1.0","provider_name":"Eir\u00edkur J\u00f3nsson","provider_url":"https:\/\/eirikurjonsson.is","author_name":"eir","author_url":"https:\/\/eirikurjonsson.is\/index.php\/author\/eir\/","title":"ARNAR VIL LEGGJA NI\u00d0UR R\u00daV OG FJ\u00d6LMI\u00d0LANEFND &#8211; Eir\u00edkur J\u00f3nsson","type":"rich","width":600,"height":338,"html":"<blockquote class=\"wp-embedded-content\" data-secret=\"6dKK83Vabj\"><a href=\"https:\/\/eirikurjonsson.is\/index.php\/2025\/02\/15\/arnar-vil-leggja-nidur-ruv-og-fjolmidlanefnd\/\">ARNAR VIL LEGGJA NI\u00d0UR R\u00daV OG FJ\u00d6LMI\u00d0LANEFND<\/a><\/blockquote><iframe sandbox=\"allow-scripts\" security=\"restricted\" src=\"https:\/\/eirikurjonsson.is\/index.php\/2025\/02\/15\/arnar-vil-leggja-nidur-ruv-og-fjolmidlanefnd\/embed\/#?secret=6dKK83Vabj\" width=\"600\" height=\"338\" title=\"&#8220;ARNAR VIL LEGGJA NI\u00d0UR R\u00daV OG FJ\u00d6LMI\u00d0LANEFND&#8221; &#8212; Eir\u00edkur J\u00f3nsson\" data-secret=\"6dKK83Vabj\" frameborder=\"0\" marginwidth=\"0\" marginheight=\"0\" scrolling=\"no\" class=\"wp-embedded-content\"><\/iframe><script type=\"text\/javascript\">\n\/* <![CDATA[ *\/\n\/*! This file is auto-generated *\/\n!function(d,l){\"use strict\";l.querySelector&&d.addEventListener&&\"undefined\"!=typeof URL&&(d.wp=d.wp||{},d.wp.receiveEmbedMessage||(d.wp.receiveEmbedMessage=function(e){var t=e.data;if((t||t.secret||t.message||t.value)&&!\/[^a-zA-Z0-9]\/.test(t.secret)){for(var s,r,n,a=l.querySelectorAll('iframe[data-secret=\"'+t.secret+'\"]'),o=l.querySelectorAll('blockquote[data-secret=\"'+t.secret+'\"]'),c=new RegExp(\"^https?:$\",\"i\"),i=0;i<o.length;i++)o[i].style.display=\"none\";for(i=0;i<a.length;i++)s=a[i],e.source===s.contentWindow&&(s.removeAttribute(\"style\"),\"height\"===t.message?(1e3<(r=parseInt(t.value,10))?r=1e3:~~r<200&&(r=200),s.height=r):\"link\"===t.message&&(r=new URL(s.getAttribute(\"src\")),n=new URL(t.value),c.test(n.protocol))&&n.host===r.host&&l.activeElement===s&&(d.top.location.href=t.value))}},d.addEventListener(\"message\",d.wp.receiveEmbedMessage,!1),l.addEventListener(\"DOMContentLoaded\",function(){for(var e,t,s=l.querySelectorAll(\"iframe.wp-embedded-content\"),r=0;r<s.length;r++)(t=(e=s[r]).getAttribute(\"data-secret\"))||(t=Math.random().toString(36).substring(2,12),e.src+=\"#?secret=\"+t,e.setAttribute(\"data-secret\",t)),e.contentWindow.postMessage({message:\"ready\",secret:t},\"*\")},!1)))}(window,document);\n\/\/# sourceURL=https:\/\/eirikurjonsson.is\/wp-includes\/js\/wp-embed.min.js\n\/* ]]> *\/\n<\/script>\n","thumbnail_url":"https:\/\/eirikurjonsson.is\/wp-content\/uploads\/2025\/02\/arnar.jpg","thumbnail_width":262,"thumbnail_height":256,"description":"&#8222;\u00c9g tilheyri enn\u00fe\u00e1 f\u00e1mennum en \u00f6rt vaxandi minnihlutah\u00f3pi, sem kveikir aldrei &#8211; og \u00fe\u00e1 meina \u00e9g aldrei nokkurn t\u00edmann &#8211; \u00f3tilneyddur \u00e1 fr\u00e9ttat\u00edma R\u00fav. Venjuleg nau\u00f0ung, svo sem h\u00f3tun um beint ofbeldi myndi ekki duga, enda er \u00fea\u00f0 l\u00e1gmarksr\u00e9ttur hvers manns a\u00f0 mega verja sig,&#8220; segir Arnar \u00de\u00f3r J\u00f3nsson l\u00f6gfr\u00e6\u00f0ingur og p\u00f3lit\u00edkus. Og klykkir svo [&hellip;]"}

Eiríkur Jónsson

ARNAR VIL LEGGJA NIÐUR RÚV OG FJÖLMIÐLANEFND &#8211; Eiríkur Jónsson

<blockquote class="wp-embedded-content" data-secret="6dKK83Vabj"><a href="https://eirikurjonsson.is/index.php/2025/02/15/arnar-vil-leggja-nidur-ruv-og-fjolmidlanefnd/">ARNAR VIL LEGGJA NIÐUR RÚV OG FJÖLMIÐLANEFND</a></blockquote><iframe sandbox="allow-scripts" security="restricted" src="https://eirikurjonsson.is/index.php/2025/02/15/arnar-vil-leggja-nidur-ruv-og-fjolmidlanefnd/embed/#?secret=6dKK83Vabj" width="600" height="338" title="&#8220;ARNAR VIL LEGGJA NIÐUR RÚV OG FJÖLMIÐLANEFND&#8221; &#8212; Eiríkur Jónsson" data-secret="6dKK83Vabj" frameborder="0" marginwidth="0" marginheight="0" scrolling="no" class="wp-embedded-content"></iframe><script type="text/javascript">
/* <![CDATA[ */
/*! This file is auto-generated */
!function(d,l){"use strict";l.querySelector&&d.addEventListener&&"undefined"!=typeof URL&&(d.wp=d.wp||{},d.wp.receiveEmbedMessage||(d.wp.receiveEmbedMessage=function(e){var t=e.data;if((t||t.secret||t.message||t.value)&&!/[^a-zA-Z0-9]/.test(t.secret)){for(var s,r,n,a=l.querySelectorAll('iframe[data-secret="'+t.secret+'"]'),o=l.querySelectorAll('blockquote[data-secret="'+t.secret+'"]'),c=new RegExp("^https?:$","i"),i=0;i<o.length;i++)o[i].style.display="none";for(i=0;i<a.length;i++)s=a[i],e.source===s.contentWindow&&(s.removeAttribute("style"),"height"===t.message?(1e3<(r=parseInt(t.value,10))?r=1e3:~~r<200&&(r=200),s.height=r):"link"===t.message&&(r=new URL(s.getAttribute("src")),n=new URL(t.value),c.test(n.protocol))&&n.host===r.host&&l.activeElement===s&&(d.top.location.href=t.value))}},d.addEventListener("message",d.wp.receiveEmbedMessage,!1),l.addEventListener("DOMContentLoaded",function(){for(var e,t,s=l.querySelectorAll("iframe.wp-embedded-content"),r=0;r<s.length;r++)(t=(e=s[r]).getAttribute("data-secret"))||(t=Math.random().toString(36).substring(2,12),e.src+="#?secret="+t,e.setAttribute("data-secret",t)),e.contentWindow.postMessage({message:"ready",secret:t},"*")},!1)))}(window,document);
//# sourceURL=https://eirikurjonsson.is/wp-includes/js/wp-embed.min.js
/* ]]> */
</script>

&#8222;Ég tilheyri ennþá fámennum en ört vaxandi minnihlutahópi, sem kveikir aldrei &#8211; og þá meina ég aldrei nokkurn tímann &#8211; ótilneyddur á fréttatíma Rúv. Venjuleg nauðung, svo sem hótun um beint ofbeldi myndi ekki duga, enda er það lágmarksréttur hvers manns að mega verja sig,&#8220; segir Arnar Þór Jónsson lögfræðingur og pólitíkus. Og klykkir svo [&hellip;]
