{"version":"1.0","provider_name":"Eir\u00edkur J\u00f3nsson","provider_url":"https:\/\/eirikurjonsson.is","author_name":"eir","author_url":"https:\/\/eirikurjonsson.is\/index.php\/author\/eir\/","title":"FORSETAHJ\u00d3NIN SAMAN \u00cd GRINDAV\u00cdK &#8211; Eir\u00edkur J\u00f3nsson","type":"rich","width":600,"height":338,"html":"<blockquote class=\"wp-embedded-content\" data-secret=\"fBqNBW3Etq\"><a href=\"https:\/\/eirikurjonsson.is\/index.php\/2024\/02\/13\/forsetahjonin-saman-i-grindavik\/\">FORSETAHJ\u00d3NIN SAMAN \u00cd GRINDAV\u00cdK<\/a><\/blockquote><iframe sandbox=\"allow-scripts\" security=\"restricted\" src=\"https:\/\/eirikurjonsson.is\/index.php\/2024\/02\/13\/forsetahjonin-saman-i-grindavik\/embed\/#?secret=fBqNBW3Etq\" width=\"600\" height=\"338\" title=\"&#8220;FORSETAHJ\u00d3NIN SAMAN \u00cd GRINDAV\u00cdK&#8221; &#8212; Eir\u00edkur J\u00f3nsson\" data-secret=\"fBqNBW3Etq\" frameborder=\"0\" marginwidth=\"0\" marginheight=\"0\" scrolling=\"no\" class=\"wp-embedded-content\"><\/iframe><script type=\"text\/javascript\">\n\/* <![CDATA[ *\/\n\/*! This file is auto-generated *\/\n!function(d,l){\"use strict\";l.querySelector&&d.addEventListener&&\"undefined\"!=typeof URL&&(d.wp=d.wp||{},d.wp.receiveEmbedMessage||(d.wp.receiveEmbedMessage=function(e){var t=e.data;if((t||t.secret||t.message||t.value)&&!\/[^a-zA-Z0-9]\/.test(t.secret)){for(var s,r,n,a=l.querySelectorAll('iframe[data-secret=\"'+t.secret+'\"]'),o=l.querySelectorAll('blockquote[data-secret=\"'+t.secret+'\"]'),c=new RegExp(\"^https?:$\",\"i\"),i=0;i<o.length;i++)o[i].style.display=\"none\";for(i=0;i<a.length;i++)s=a[i],e.source===s.contentWindow&&(s.removeAttribute(\"style\"),\"height\"===t.message?(1e3<(r=parseInt(t.value,10))?r=1e3:~~r<200&&(r=200),s.height=r):\"link\"===t.message&&(r=new URL(s.getAttribute(\"src\")),n=new URL(t.value),c.test(n.protocol))&&n.host===r.host&&l.activeElement===s&&(d.top.location.href=t.value))}},d.addEventListener(\"message\",d.wp.receiveEmbedMessage,!1),l.addEventListener(\"DOMContentLoaded\",function(){for(var e,t,s=l.querySelectorAll(\"iframe.wp-embedded-content\"),r=0;r<s.length;r++)(t=(e=s[r]).getAttribute(\"data-secret\"))||(t=Math.random().toString(36).substring(2,12),e.src+=\"#?secret=\"+t,e.setAttribute(\"data-secret\",t)),e.contentWindow.postMessage({message:\"ready\",secret:t},\"*\")},!1)))}(window,document);\n\/\/# sourceURL=https:\/\/eirikurjonsson.is\/wp-includes\/js\/wp-embed.min.js\n\/* ]]> *\/\n<\/script>\n","thumbnail_url":"https:\/\/eirikurjonsson.is\/wp-content\/uploads\/2024\/02\/gudni-th.-reykjanesbae202402100039-e1707815129969.jpg","thumbnail_width":889,"thumbnail_height":500,"description":"Forseti \u00cdslands og forsetafr\u00fa heims\u00f3ttu hj\u00fakrunarheimilin \u00ed Reykjanesb\u00e6, Heilbrig\u00f0isstofun Su\u00f0urnesja og mi\u00f0st\u00f6\u00f0 Almannavarna \u00e1 sv\u00e6\u00f0inu \u00e1 laugardaginn. Me\u00f0 i f\u00f6r var yngsta d\u00f3ttir \u00feeirra, Edda Margr\u00e9t. Er \u00feetta \u00ed fyrsta sinn \u00ed t\u00f6luver\u00f0an t\u00edma sem forsetahj\u00f3nin sj\u00e1st saman \u00ed opnberum erindagj\u00f6r\u00f0um og \u00e6tti a\u00f0 sl\u00e1 \u00e1 s\u00f6gusagnir sem geisa\u00f0 hafa um land allt um hugsanlega [&hellip;]"}

Eiríkur Jónsson

FORSETAHJÓNIN SAMAN Í GRINDAVÍK &#8211; Eiríkur Jónsson

<blockquote class="wp-embedded-content" data-secret="fBqNBW3Etq"><a href="https://eirikurjonsson.is/index.php/2024/02/13/forsetahjonin-saman-i-grindavik/">FORSETAHJÓNIN SAMAN Í GRINDAVÍK</a></blockquote><iframe sandbox="allow-scripts" security="restricted" src="https://eirikurjonsson.is/index.php/2024/02/13/forsetahjonin-saman-i-grindavik/embed/#?secret=fBqNBW3Etq" width="600" height="338" title="&#8220;FORSETAHJÓNIN SAMAN Í GRINDAVÍK&#8221; &#8212; Eiríkur Jónsson" data-secret="fBqNBW3Etq" frameborder="0" marginwidth="0" marginheight="0" scrolling="no" class="wp-embedded-content"></iframe><script type="text/javascript">
/* <![CDATA[ */
/*! This file is auto-generated */
!function(d,l){"use strict";l.querySelector&&d.addEventListener&&"undefined"!=typeof URL&&(d.wp=d.wp||{},d.wp.receiveEmbedMessage||(d.wp.receiveEmbedMessage=function(e){var t=e.data;if((t||t.secret||t.message||t.value)&&!/[^a-zA-Z0-9]/.test(t.secret)){for(var s,r,n,a=l.querySelectorAll('iframe[data-secret="'+t.secret+'"]'),o=l.querySelectorAll('blockquote[data-secret="'+t.secret+'"]'),c=new RegExp("^https?:$","i"),i=0;i<o.length;i++)o[i].style.display="none";for(i=0;i<a.length;i++)s=a[i],e.source===s.contentWindow&&(s.removeAttribute("style"),"height"===t.message?(1e3<(r=parseInt(t.value,10))?r=1e3:~~r<200&&(r=200),s.height=r):"link"===t.message&&(r=new URL(s.getAttribute("src")),n=new URL(t.value),c.test(n.protocol))&&n.host===r.host&&l.activeElement===s&&(d.top.location.href=t.value))}},d.addEventListener("message",d.wp.receiveEmbedMessage,!1),l.addEventListener("DOMContentLoaded",function(){for(var e,t,s=l.querySelectorAll("iframe.wp-embedded-content"),r=0;r<s.length;r++)(t=(e=s[r]).getAttribute("data-secret"))||(t=Math.random().toString(36).substring(2,12),e.src+="#?secret="+t,e.setAttribute("data-secret",t)),e.contentWindow.postMessage({message:"ready",secret:t},"*")},!1)))}(window,document);
//# sourceURL=https://eirikurjonsson.is/wp-includes/js/wp-embed.min.js
/* ]]> */
</script>

Forseti Íslands og forsetafrú heimsóttu hjúkrunarheimilin í Reykjanesbæ, Heilbrigðisstofun Suðurnesja og miðstöð Almannavarna á svæðinu á laugardaginn. Með i för var yngsta dóttir þeirra, Edda Margrét. Er þetta í fyrsta sinn í töluverðan tíma sem forsetahjónin sjást saman í opnberum erindagjörðum og ætti að slá á sögusagnir sem geisað hafa um land allt um hugsanlega [&hellip;]
